{"id":895,"date":"2026-02-14T18:40:55","date_gmt":"2026-02-14T15:40:55","guid":{"rendered":"http:\/\/demo.safirtema.com\/webportalv2\/?attachment_id=895"},"modified":"2026-02-14T18:40:55","modified_gmt":"2026-02-14T15:40:55","slug":"turk-insanindan-sasirtan-manzaralar-13","status":"inherit","type":"attachment","link":"https:\/\/safirdemo.com\/safirwebportal\/turk-insanindan-sasirtan-manzaralar\/turk-insanindan-sasirtan-manzaralar-13\/","title":{"rendered":"T\u00fcrk insan\u0131ndan \u015fa\u015f\u0131rtan manzaralar"},"author":1,"featured_media":0,"comment_status":"open","ping_status":"open","template":"","meta":[],"class_list":["post-895","attachment","type-attachment","status-inherit","hentry"],"description":{"rendered":"<p class=\"attachment\"><a href='https:\/\/safirdemo.com\/safirwebportal\/wp-content\/uploads\/turk-insanindan-sasirtan-manzaralar-12.jpg'><img loading=\"lazy\" decoding=\"async\" width=\"300\" height=\"265\" src=\"https:\/\/safirdemo.com\/safirwebportal\/wp-content\/uploads\/turk-insanindan-sasirtan-manzaralar-12.jpg\" class=\"attachment-medium size-medium\" alt=\"\" \/><\/a><\/p>\n<p>Karadeniz B\u00f6lgesi&#8217;nde g\u00f6rmeye al\u0131\u015ft\u0131\u011f\u0131m\u0131z olaylar\u0131n son \u00f6rne\u011fi bu kez Kayseri&#8217;de ya\u015fand\u0131. Kayseri&#8217;nin Akk\u0131\u015fla il\u00e7esinde H\u00fck\u00fcmet Kona\u011f\u0131&#8217;na yap\u0131lan ek bina in\u015faat\u0131n\u0131n ikinci kat\u0131na \u00e7\u0131kan merdivenler kap\u0131ya de\u011fil pencereye \u00e7\u0131k\u0131yor.<\/p>\n"},"caption":{"rendered":"<p>Karadeniz B\u00f6lgesi&#8217;nde g\u00f6rmeye al\u0131\u015ft\u0131\u011f\u0131m\u0131z olaylar\u0131n son \u00f6rne\u011fi bu kez Kayseri&#8217;de ya\u015fand\u0131. Kayseri&#8217;nin Akk\u0131\u015fla il\u00e7esinde H\u00fck\u00fcmet Kona\u011f\u0131&#8217;na yap\u0131lan ek bina in\u015faat\u0131n\u0131n ikinci kat\u0131na \u00e7\u0131kan merdivenler kap\u0131ya de\u011fil pencereye \u00e7\u0131k\u0131yor.<\/p>\n"},"alt_text":"","media_type":"image","mime_type":"image\/jpeg","media_details":{"width":600,"height":529,"file":"turk-insanindan-sasirtan-manzaralar-12.jpg","filesize":144623,"sizes":{},"image_meta":{"aperture":"0","credit":"","camera":"","caption":"","created_timestamp":"0","copyright":"","focal_length":"0","iso":"0","shutter_speed":"0","title":"","orientation":"0","keywords":[]}},"post":883,"source_url":"https:\/\/safirdemo.com\/safirwebportal\/wp-content\/uploads\/turk-insanindan-sasirtan-manzaralar-12.jpg","_links":{"self":[{"href":"https:\/\/safirdemo.com\/safirwebportal\/wp-json\/wp\/v2\/media\/895","targetHints":{"allow":["GET"]}}],"collection":[{"href":"https:\/\/safirdemo.com\/safirwebportal\/wp-json\/wp\/v2\/media"}],"about":[{"href":"https:\/\/safirdemo.com\/safirwebportal\/wp-json\/wp\/v2\/types\/attachment"}],"author":[{"embeddable":true,"href":"https:\/\/safirdemo.com\/safirwebportal\/wp-json\/wp\/v2\/users\/1"}],"replies":[{"embeddable":true,"href":"https:\/\/safirdemo.com\/safirwebportal\/wp-json\/wp\/v2\/comments?post=895"}],"wp:attached-to":[{"embeddable":true,"post_type":"post","id":883,"href":"https:\/\/safirdemo.com\/safirwebportal\/wp-json\/wp\/v2\/posts\/883"}],"curies":[{"name":"wp","href":"https:\/\/api.w.org\/{rel}","templated":true}]}}

Türk insanından şaşırtan manzaralar

<p class="attachment"><a href='https://safirdemo.com/safirwebportal/wp-content/uploads/turk-insanindan-sasirtan-manzaralar-12.jpg'><img loading="lazy" decoding="async" width="300" height="265" src="https://safirdemo.com/safirwebportal/wp-content/uploads/turk-insanindan-sasirtan-manzaralar-12.jpg" class="attachment-medium size-medium" alt="" /></a></p>
<p>Karadeniz Bölgesi&#8217;nde görmeye alıştığımız olayların son örneği bu kez Kayseri&#8217;de yaşandı. Kayseri&#8217;nin Akkışla ilçesinde Hükümet Konağı&#8217;na yapılan ek bina inşaatının ikinci katına çıkan merdivenler kapıya değil pencereye çıkıyor.</p>

<p>Karadeniz Bölgesi&#8217;nde görmeye alıştığımız olayların son örneği bu kez Kayseri&#8217;de yaşandı. Kayseri&#8217;nin Akkışla ilçesinde Hükümet Konağı&#8217;na yapılan ek bina inşaatının ikinci katına çıkan merdivenler kapıya değil pencereye çıkıyor.</p>
