{"id":18,"date":"2026-02-17T02:10:53","date_gmt":"2026-02-16T23:10:53","guid":{"rendered":"http:\/\/demo.safirtema.com\/yakamoz\/?page_id=18"},"modified":"2026-02-28T11:54:35","modified_gmt":"2026-02-28T08:54:35","slug":"referanslar","status":"publish","type":"page","link":"https:\/\/safirdemo.com\/yakamoz\/referanslar\/","title":{"rendered":"Referanslar"},"content":{"rendered":"\n<p>Referanslar sayfa \u015fablonu sayesinde standart WordPress galerilerini a\u015fa\u011f\u0131daki formatta g\u00f6sterebilirsiniz.<\/p>\n\n\n\n<figure class=\"wp-block-gallery columns-3 wp-block-gallery-1 is-layout-flex wp-block-gallery-is-layout-flex\"><ul class=\"blocks-gallery-grid\"><li class=\"blocks-gallery-item\"><figure><img loading=\"lazy\" decoding=\"async\" width=\"555\" height=\"185\" src=\"https:\/\/safirdemo.com\/yakamoz\/wp-content\/uploads\/Creativestudio.png\" alt=\"\" data-id=\"19\" class=\"wp-image-19\"\/><\/figure><\/li><li class=\"blocks-gallery-item\"><figure><img loading=\"lazy\" decoding=\"async\" width=\"321\" height=\"264\" src=\"https:\/\/safirdemo.com\/yakamoz\/wp-content\/uploads\/Ecolife.png\" alt=\"\" data-id=\"20\" class=\"wp-image-20\"\/><\/figure><\/li><li class=\"blocks-gallery-item\"><figure><img loading=\"lazy\" decoding=\"async\" width=\"208\" height=\"144\" src=\"https:\/\/safirdemo.com\/yakamoz\/wp-content\/uploads\/Furnicom.jpg\" alt=\"\" data-id=\"21\" class=\"wp-image-21\"\/><\/figure><\/li><li class=\"blocks-gallery-item\"><figure><img loading=\"lazy\" decoding=\"async\" width=\"184\" height=\"104\" src=\"https:\/\/safirdemo.com\/yakamoz\/wp-content\/uploads\/Gustoso.png\" alt=\"\" data-id=\"22\" class=\"wp-image-22\"\/><\/figure><\/li><li class=\"blocks-gallery-item\"><figure><img loading=\"lazy\" decoding=\"async\" width=\"454\" height=\"285\" src=\"https:\/\/safirdemo.com\/yakamoz\/wp-content\/uploads\/Infiniteflame.png\" alt=\"\" data-id=\"23\" class=\"wp-image-23\"\/><\/figure><\/li><li class=\"blocks-gallery-item\"><figure><img loading=\"lazy\" decoding=\"async\" width=\"352\" height=\"190\" src=\"https:\/\/safirdemo.com\/yakamoz\/wp-content\/uploads\/Macquaire.png\" alt=\"\" data-id=\"24\" class=\"wp-image-24\"\/><\/figure><\/li><li class=\"blocks-gallery-item\"><figure><img loading=\"lazy\" decoding=\"async\" width=\"421\" height=\"318\" src=\"https:\/\/safirdemo.com\/yakamoz\/wp-content\/uploads\/Marmelade.png\" alt=\"\" data-id=\"25\" class=\"wp-image-25\"\/><\/figure><\/li><li class=\"blocks-gallery-item\"><figure><img loading=\"lazy\" decoding=\"async\" width=\"290\" height=\"258\" src=\"https:\/\/safirdemo.com\/yakamoz\/wp-content\/uploads\/Mletter.png\" alt=\"\" data-id=\"26\" class=\"wp-image-26\"\/><\/figure><\/li><li class=\"blocks-gallery-item\"><figure><img loading=\"lazy\" decoding=\"async\" width=\"256\" height=\"100\" src=\"https:\/\/safirdemo.com\/yakamoz\/wp-content\/uploads\/Nongla.png\" alt=\"\" data-id=\"27\" class=\"wp-image-27\"\/><\/figure><\/li><li class=\"blocks-gallery-item\"><figure><img loading=\"lazy\" decoding=\"async\" width=\"232\" height=\"128\" src=\"https:\/\/safirdemo.com\/yakamoz\/wp-content\/uploads\/Riviera.png\" alt=\"\" data-id=\"28\" class=\"wp-image-28\"\/><\/figure><\/li><li class=\"blocks-gallery-item\"><figure><img loading=\"lazy\" decoding=\"async\" width=\"434\" height=\"70\" src=\"https:\/\/safirdemo.com\/yakamoz\/wp-content\/uploads\/Simerani.png\" alt=\"\" data-id=\"29\" class=\"wp-image-29\"\/><\/figure><\/li><li class=\"blocks-gallery-item\"><figure><img loading=\"lazy\" decoding=\"async\" width=\"200\" height=\"168\" src=\"https:\/\/safirdemo.com\/yakamoz\/wp-content\/uploads\/Unocoffee.jpg\" alt=\"\" data-id=\"30\" class=\"wp-image-30\"\/><\/figure><\/li><\/ul><\/figure>\n","protected":false},"excerpt":{"rendered":"<p>Referanslar sayfa \u015fablonu sayesinde standart WordPress galerilerini a\u015fa\u011f\u0131daki formatta g\u00f6sterebilirsiniz.<\/p>\n","protected":false},"author":1,"featured_media":0,"parent":0,"menu_order":0,"comment_status":"closed","ping_status":"closed","template":"pages\/page-references.php","meta":{"footnotes":""},"class_list":["post-18","page","type-page","status-publish","hentry"],"_links":{"self":[{"href":"https:\/\/safirdemo.com\/yakamoz\/wp-json\/wp\/v2\/pages\/18","targetHints":{"allow":["GET"]}}],"collection":[{"href":"https:\/\/safirdemo.com\/yakamoz\/wp-json\/wp\/v2\/pages"}],"about":[{"href":"https:\/\/safirdemo.com\/yakamoz\/wp-json\/wp\/v2\/types\/page"}],"author":[{"embeddable":true,"href":"https:\/\/safirdemo.com\/yakamoz\/wp-json\/wp\/v2\/users\/1"}],"replies":[{"embeddable":true,"href":"https:\/\/safirdemo.com\/yakamoz\/wp-json\/wp\/v2\/comments?post=18"}],"version-history":[{"count":3,"href":"https:\/\/safirdemo.com\/yakamoz\/wp-json\/wp\/v2\/pages\/18\/revisions"}],"predecessor-version":[{"id":397,"href":"https:\/\/safirdemo.com\/yakamoz\/wp-json\/wp\/v2\/pages\/18\/revisions\/397"}],"wp:attachment":[{"href":"https:\/\/safirdemo.com\/yakamoz\/wp-json\/wp\/v2\/media?parent=18"}],"curies":[{"name":"wp","href":"https:\/\/api.w.org\/{rel}","templated":true}]}}