{"id":3511,"date":"2026-02-07T10:09:07","date_gmt":"2024-05-07T08:09:07","guid":{"rendered":"https:\/\/safirdemo.com\/yaren\/?attachment_id=3511"},"modified":"2026-02-07T10:14:06","modified_gmt":"2026-02-07T08:14:06","slug":"bulutlardaki-sira-disi-mesaj-arastirmacilari-saskina-cevirdi-aciklamali-galeri-1-klwbcizt-jpeg","status":"inherit","type":"attachment","link":"https:\/\/safirdemo.com\/yaren\/bulutlardaki-sira-disi-mesaj-arastirmacilari-saskina-cevirdi\/bulutlardaki-sira-disi-mesaj-arastirmacilari-saskina-cevirdi-aciklamali-galeri-1-klwbcizt-jpeg\/","title":{"rendered":"G Harfi \u00c7ok Dikkat \u00c7ekti"},"author":0,"featured_media":0,"comment_status":"open","ping_status":"closed","template":"","meta":[],"class_list":["post-3511","attachment","type-attachment","status-inherit","hentry"],"description":{"rendered":"<p class=\"attachment\"><a href='https:\/\/safirdemo.com\/yaren\/wp-content\/uploads\/bulutlardaki-sira-disi-mesaj-arastirmacilari-saskina-cevirdi-aciklamali-galeri-1-klwBCizT.jpeg'><img loading=\"lazy\" decoding=\"async\" width=\"300\" height=\"169\" src=\"https:\/\/safirdemo.com\/yaren\/wp-content\/uploads\/bulutlardaki-sira-disi-mesaj-arastirmacilari-saskina-cevirdi-aciklamali-galeri-1-klwBCizT.jpeg\" class=\"attachment-medium size-medium\" alt=\"\" \/><\/a><\/p>\n<p>\u00d6zellikle G harfinin \u015fa\u015f\u0131rt\u0131c\u0131 derecede net oldu\u011fu \u00e7arpt\u0131. \u201cGo\u201d \u0130ngilizcede \u201cGit\u201d veya \u201cGidin\u201d anlam\u0131na geliyor.<\/p>\n"},"caption":{"rendered":"<p>\u00d6zellikle G harfinin \u015fa\u015f\u0131rt\u0131c\u0131 derecede net oldu\u011fu \u00e7arpt\u0131. \u201cGo\u201d \u0130ngilizcede \u201cGit\u201d veya \u201cGidin\u201d anlam\u0131na geliyor.<\/p>\n"},"alt_text":"","media_type":"image","mime_type":"image\/jpeg","media_details":{"width":1600,"height":901,"file":"bulutlardaki-sira-disi-mesaj-arastirmacilari-saskina-cevirdi-aciklamali-galeri-1-klwBCizT.jpeg","filesize":378071,"sizes":{},"image_meta":{"aperture":"0","credit":"","camera":"","caption":"","created_timestamp":"0","copyright":"","focal_length":"0","iso":"0","shutter_speed":"0","title":"","orientation":"1","keywords":[]}},"post":3508,"source_url":"https:\/\/safirdemo.com\/yaren\/wp-content\/uploads\/bulutlardaki-sira-disi-mesaj-arastirmacilari-saskina-cevirdi-aciklamali-galeri-1-klwBCizT.jpeg","_links":{"self":[{"href":"https:\/\/safirdemo.com\/yaren\/wp-json\/wp\/v2\/media\/3511","targetHints":{"allow":["GET"]}}],"collection":[{"href":"https:\/\/safirdemo.com\/yaren\/wp-json\/wp\/v2\/media"}],"about":[{"href":"https:\/\/safirdemo.com\/yaren\/wp-json\/wp\/v2\/types\/attachment"}],"replies":[{"embeddable":true,"href":"https:\/\/safirdemo.com\/yaren\/wp-json\/wp\/v2\/comments?post=3511"}],"wp:attached-to":[{"embeddable":true,"post_type":"post","id":3508,"href":"https:\/\/safirdemo.com\/yaren\/wp-json\/wp\/v2\/posts\/3508"}],"curies":[{"name":"wp","href":"https:\/\/api.w.org\/{rel}","templated":true}]}}

G Harfi Çok Dikkat Çekti

<p class="attachment"><a href='https://safirdemo.com/yaren/wp-content/uploads/bulutlardaki-sira-disi-mesaj-arastirmacilari-saskina-cevirdi-aciklamali-galeri-1-klwBCizT.jpeg'><img loading="lazy" decoding="async" width="300" height="169" src="https://safirdemo.com/yaren/wp-content/uploads/bulutlardaki-sira-disi-mesaj-arastirmacilari-saskina-cevirdi-aciklamali-galeri-1-klwBCizT.jpeg" class="attachment-medium size-medium" alt="" /></a></p>
<p>Özellikle G harfinin şaşırtıcı derecede net olduğu çarptı. “Go” İngilizcede “Git” veya “Gidin” anlamına geliyor.</p>

<p>Özellikle G harfinin şaşırtıcı derecede net olduğu çarptı. “Go” İngilizcede “Git” veya “Gidin” anlamına geliyor.</p>
