{"id":3514,"date":"2026-02-07T10:09:12","date_gmt":"2024-05-07T08:09:12","guid":{"rendered":"https:\/\/safirdemo.com\/yaren\/?attachment_id=3514"},"modified":"2026-02-07T10:14:49","modified_gmt":"2026-02-07T08:14:49","slug":"bulutlardaki-sira-disi-mesaj-arastirmacilari-saskina-cevirdi-aciklamali-galeri-4-lfpvinsj-jpeg","status":"inherit","type":"attachment","link":"https:\/\/safirdemo.com\/yaren\/bulutlardaki-sira-disi-mesaj-arastirmacilari-saskina-cevirdi\/bulutlardaki-sira-disi-mesaj-arastirmacilari-saskina-cevirdi-aciklamali-galeri-4-lfpvinsj-jpeg\/","title":{"rendered":"\u0130nsan Beyni Yan\u0131lt\u0131yor mu?"},"author":0,"featured_media":0,"comment_status":"open","ping_status":"closed","template":"","meta":[],"class_list":["post-3514","attachment","type-attachment","status-inherit","hentry"],"description":{"rendered":"<p class=\"attachment\"><a href='https:\/\/safirdemo.com\/yaren\/wp-content\/uploads\/bulutlardaki-sira-disi-mesaj-arastirmacilari-saskina-cevirdi-aciklamali-galeri-4-LFpvINSj.jpeg'><img loading=\"lazy\" decoding=\"async\" width=\"300\" height=\"196\" src=\"https:\/\/safirdemo.com\/yaren\/wp-content\/uploads\/bulutlardaki-sira-disi-mesaj-arastirmacilari-saskina-cevirdi-aciklamali-galeri-4-LFpvINSj.jpeg\" class=\"attachment-medium size-medium\" alt=\"\" \/><\/a><\/p>\n<p>Uzmanlara g\u00f6re bu manzara, insan beyninin bulutlarda veya di\u011fer nesnelerde tan\u0131d\u0131k manzaralar g\u00f6rmesi anlam\u0131na gelen Pareidolia\u2019n\u0131n bir \u00f6rne\u011fi. \u0130\u015fte bulutlar\u0131n olu\u015fturdu\u011fu ilgin\u00e7 manzaralardan birka\u00e7 tanesi.<\/p>\n"},"caption":{"rendered":"<p>Uzmanlara g\u00f6re bu manzara, insan beyninin bulutlarda veya di\u011fer nesnelerde tan\u0131d\u0131k manzaralar g\u00f6rmesi anlam\u0131na gelen Pareidolia\u2019n\u0131n bir \u00f6rne\u011fi. \u0130\u015fte bulutlar\u0131n olu\u015fturdu\u011fu ilgin\u00e7 manzaralardan birka\u00e7 tanesi.<\/p>\n"},"alt_text":"","media_type":"image","mime_type":"image\/jpeg","media_details":{"width":1600,"height":1043,"file":"bulutlardaki-sira-disi-mesaj-arastirmacilari-saskina-cevirdi-aciklamali-galeri-4-LFpvINSj.jpeg","filesize":116041,"sizes":{},"image_meta":{"aperture":"0","credit":"","camera":"","caption":"","created_timestamp":"0","copyright":"","focal_length":"0","iso":"0","shutter_speed":"0","title":"","orientation":"1","keywords":[]}},"post":3508,"source_url":"https:\/\/safirdemo.com\/yaren\/wp-content\/uploads\/bulutlardaki-sira-disi-mesaj-arastirmacilari-saskina-cevirdi-aciklamali-galeri-4-LFpvINSj.jpeg","_links":{"self":[{"href":"https:\/\/safirdemo.com\/yaren\/wp-json\/wp\/v2\/media\/3514","targetHints":{"allow":["GET"]}}],"collection":[{"href":"https:\/\/safirdemo.com\/yaren\/wp-json\/wp\/v2\/media"}],"about":[{"href":"https:\/\/safirdemo.com\/yaren\/wp-json\/wp\/v2\/types\/attachment"}],"replies":[{"embeddable":true,"href":"https:\/\/safirdemo.com\/yaren\/wp-json\/wp\/v2\/comments?post=3514"}],"wp:attached-to":[{"embeddable":true,"post_type":"post","id":3508,"href":"https:\/\/safirdemo.com\/yaren\/wp-json\/wp\/v2\/posts\/3508"}],"curies":[{"name":"wp","href":"https:\/\/api.w.org\/{rel}","templated":true}]}}

İnsan Beyni Yanıltıyor mu?

<p class="attachment"><a href='https://safirdemo.com/yaren/wp-content/uploads/bulutlardaki-sira-disi-mesaj-arastirmacilari-saskina-cevirdi-aciklamali-galeri-4-LFpvINSj.jpeg'><img loading="lazy" decoding="async" width="300" height="196" src="https://safirdemo.com/yaren/wp-content/uploads/bulutlardaki-sira-disi-mesaj-arastirmacilari-saskina-cevirdi-aciklamali-galeri-4-LFpvINSj.jpeg" class="attachment-medium size-medium" alt="" /></a></p>
<p>Uzmanlara göre bu manzara, insan beyninin bulutlarda veya diğer nesnelerde tanıdık manzaralar görmesi anlamına gelen Pareidolia’nın bir örneği. İşte bulutların oluşturduğu ilginç manzaralardan birkaç tanesi.</p>

<p>Uzmanlara göre bu manzara, insan beyninin bulutlarda veya diğer nesnelerde tanıdık manzaralar görmesi anlamına gelen Pareidolia’nın bir örneği. İşte bulutların oluşturduğu ilginç manzaralardan birkaç tanesi.</p>
